{"id":24,"date":"2022-12-10T13:53:20","date_gmt":"2022-12-10T13:53:20","guid":{"rendered":"https:\/\/handtherapiemaeder.ch\/?page_id=24"},"modified":"2024-11-06T20:51:38","modified_gmt":"2024-11-06T20:51:38","slug":"impressum","status":"publish","type":"page","link":"https:\/\/handtherapiemaeder.ch\/?page_id=24","title":{"rendered":"Impressum"},"content":{"rendered":"\n<p>Handtherapie M\u00e4der<br>M\u00fchlestrasse 3<br>CH-5702 Niederlenz AG<br>Schweiz<\/p>\n\n\n\n<p>Telefon: 077 428 53 38<br>E-Mail:\u00a0\u00a0 info@handtherapiemaeder.ch<\/p>\n\n\n\n<p><\/p>\n\n\n\n<p>Urheberrechte<br>Die Urheber- und alle anderen Rechte an Inhalten, Bildern, Fotos oder anderen Dateien auf der Website geh\u00f6ren ausschliesslich Safa M\u00e4der. F\u00fcr die Reproduktion jeglicher Elemente ist die schriftliche Zustimmung des Urheberrechtstr\u00e4gers im Voraus einzuholen.<\/p>\n","protected":false},"excerpt":{"rendered":"<p>Handtherapie M\u00e4derM\u00fchlestrasse 3CH-5702 Niederlenz AGSchweiz Telefon: 077 428 53 38E-Mail:\u00a0\u00a0 info@handtherapiemaeder.ch UrheberrechteDie Urheber- und alle anderen Rechte an Inhalten, Bildern, Fotos oder anderen Dateien auf der Website geh\u00f6ren ausschliesslich Safa M\u00e4der. F\u00fcr die Reproduktion jeglicher Elemente ist die schriftliche Zustimmung des Urheberrechtstr\u00e4gers im Voraus einzuholen.<\/p>\n","protected":false},"author":1,"featured_media":0,"parent":7,"menu_order":4,"comment_status":"closed","ping_status":"closed","template":"","meta":{"footnotes":""},"class_list":["post-24","page","type-page","status-publish","hentry"],"yoast_head":"<!-- This site is optimized with the Yoast SEO plugin v27.4 - https:\/\/yoast.com\/product\/yoast-seo-wordpress\/ -->\n<title>Impressum - Handtherapie M\u00e4der<\/title>\n<meta name=\"robots\" content=\"index, follow, max-snippet:-1, max-image-preview:large, max-video-preview:-1\" \/>\n<link rel=\"canonical\" href=\"https:\/\/handtherapiemaeder.ch\/?page_id=24\" \/>\n<meta property=\"og:locale\" content=\"de_DE\" \/>\n<meta property=\"og:type\" content=\"article\" \/>\n<meta property=\"og:title\" content=\"Impressum - Handtherapie M\u00e4der\" \/>\n<meta property=\"og:description\" content=\"Handtherapie M\u00e4derM\u00fchlestrasse 3CH-5702 Niederlenz AGSchweiz Telefon: 077 428 53 38E-Mail:\u00a0\u00a0 info@handtherapiemaeder.ch UrheberrechteDie Urheber- und alle anderen Rechte an Inhalten, Bildern, Fotos oder anderen Dateien auf der Website geh\u00f6ren ausschliesslich Safa M\u00e4der. F\u00fcr die Reproduktion jeglicher Elemente ist die schriftliche Zustimmung des Urheberrechtstr\u00e4gers im Voraus einzuholen.\" \/>\n<meta property=\"og:url\" content=\"https:\/\/handtherapiemaeder.ch\/?page_id=24\" \/>\n<meta property=\"og:site_name\" content=\"Handtherapie M\u00e4der\" \/>\n<meta property=\"article:modified_time\" content=\"2024-11-06T20:51:38+00:00\" \/>\n<meta name=\"twitter:card\" content=\"summary_large_image\" \/>\n<meta name=\"twitter:label1\" content=\"Gesch\u00e4tzte Lesezeit\" \/>\n\t<meta name=\"twitter:data1\" content=\"1\u00a0Minute\" \/>\n<script type=\"application\/ld+json\" class=\"yoast-schema-graph\">{\"@context\":\"https:\\\/\\\/schema.org\",\"@graph\":[{\"@type\":\"WebPage\",\"@id\":\"https:\\\/\\\/handtherapiemaeder.ch\\\/?page_id=24\",\"url\":\"https:\\\/\\\/handtherapiemaeder.ch\\\/?page_id=24\",\"name\":\"Impressum - Handtherapie M\u00e4der\",\"isPartOf\":{\"@id\":\"https:\\\/\\\/handtherapiemaeder.ch\\\/#website\"},\"datePublished\":\"2022-12-10T13:53:20+00:00\",\"dateModified\":\"2024-11-06T20:51:38+00:00\",\"breadcrumb\":{\"@id\":\"https:\\\/\\\/handtherapiemaeder.ch\\\/?page_id=24#breadcrumb\"},\"inLanguage\":\"de\",\"potentialAction\":[{\"@type\":\"ReadAction\",\"target\":[\"https:\\\/\\\/handtherapiemaeder.ch\\\/?page_id=24\"]}]},{\"@type\":\"BreadcrumbList\",\"@id\":\"https:\\\/\\\/handtherapiemaeder.ch\\\/?page_id=24#breadcrumb\",\"itemListElement\":[{\"@type\":\"ListItem\",\"position\":1,\"name\":\"Startseite\",\"item\":\"https:\\\/\\\/handtherapiemaeder.ch\\\/\"},{\"@type\":\"ListItem\",\"position\":2,\"name\":\"Handtherapie M\u00e4der\",\"item\":\"https:\\\/\\\/handtherapiemaeder.ch\\\/?page_id=7\"},{\"@type\":\"ListItem\",\"position\":3,\"name\":\"Impressum\"}]},{\"@type\":\"WebSite\",\"@id\":\"https:\\\/\\\/handtherapiemaeder.ch\\\/#website\",\"url\":\"https:\\\/\\\/handtherapiemaeder.ch\\\/\",\"name\":\"Handtherapie M\u00e4der\",\"description\":\"My WordPress Blog\",\"potentialAction\":[{\"@type\":\"SearchAction\",\"target\":{\"@type\":\"EntryPoint\",\"urlTemplate\":\"https:\\\/\\\/handtherapiemaeder.ch\\\/?s={search_term_string}\"},\"query-input\":{\"@type\":\"PropertyValueSpecification\",\"valueRequired\":true,\"valueName\":\"search_term_string\"}}],\"inLanguage\":\"de\"}]}<\/script>\n<!-- \/ Yoast SEO plugin. -->","yoast_head_json":{"title":"Impressum - Handtherapie M\u00e4der","robots":{"index":"index","follow":"follow","max-snippet":"max-snippet:-1","max-image-preview":"max-image-preview:large","max-video-preview":"max-video-preview:-1"},"canonical":"https:\/\/handtherapiemaeder.ch\/?page_id=24","og_locale":"de_DE","og_type":"article","og_title":"Impressum - Handtherapie M\u00e4der","og_description":"Handtherapie M\u00e4derM\u00fchlestrasse 3CH-5702 Niederlenz AGSchweiz Telefon: 077 428 53 38E-Mail:\u00a0\u00a0 info@handtherapiemaeder.ch UrheberrechteDie Urheber- und alle anderen Rechte an Inhalten, Bildern, Fotos oder anderen Dateien auf der Website geh\u00f6ren ausschliesslich Safa M\u00e4der. F\u00fcr die Reproduktion jeglicher Elemente ist die schriftliche Zustimmung des Urheberrechtstr\u00e4gers im Voraus einzuholen.","og_url":"https:\/\/handtherapiemaeder.ch\/?page_id=24","og_site_name":"Handtherapie M\u00e4der","article_modified_time":"2024-11-06T20:51:38+00:00","twitter_card":"summary_large_image","twitter_misc":{"Gesch\u00e4tzte Lesezeit":"1\u00a0Minute"},"schema":{"@context":"https:\/\/schema.org","@graph":[{"@type":"WebPage","@id":"https:\/\/handtherapiemaeder.ch\/?page_id=24","url":"https:\/\/handtherapiemaeder.ch\/?page_id=24","name":"Impressum - Handtherapie M\u00e4der","isPartOf":{"@id":"https:\/\/handtherapiemaeder.ch\/#website"},"datePublished":"2022-12-10T13:53:20+00:00","dateModified":"2024-11-06T20:51:38+00:00","breadcrumb":{"@id":"https:\/\/handtherapiemaeder.ch\/?page_id=24#breadcrumb"},"inLanguage":"de","potentialAction":[{"@type":"ReadAction","target":["https:\/\/handtherapiemaeder.ch\/?page_id=24"]}]},{"@type":"BreadcrumbList","@id":"https:\/\/handtherapiemaeder.ch\/?page_id=24#breadcrumb","itemListElement":[{"@type":"ListItem","position":1,"name":"Startseite","item":"https:\/\/handtherapiemaeder.ch\/"},{"@type":"ListItem","position":2,"name":"Handtherapie M\u00e4der","item":"https:\/\/handtherapiemaeder.ch\/?page_id=7"},{"@type":"ListItem","position":3,"name":"Impressum"}]},{"@type":"WebSite","@id":"https:\/\/handtherapiemaeder.ch\/#website","url":"https:\/\/handtherapiemaeder.ch\/","name":"Handtherapie M\u00e4der","description":"My WordPress Blog","potentialAction":[{"@type":"SearchAction","target":{"@type":"EntryPoint","urlTemplate":"https:\/\/handtherapiemaeder.ch\/?s={search_term_string}"},"query-input":{"@type":"PropertyValueSpecification","valueRequired":true,"valueName":"search_term_string"}}],"inLanguage":"de"}]}},"_links":{"self":[{"href":"https:\/\/handtherapiemaeder.ch\/index.php?rest_route=\/wp\/v2\/pages\/24","targetHints":{"allow":["GET"]}}],"collection":[{"href":"https:\/\/handtherapiemaeder.ch\/index.php?rest_route=\/wp\/v2\/pages"}],"about":[{"href":"https:\/\/handtherapiemaeder.ch\/index.php?rest_route=\/wp\/v2\/types\/page"}],"author":[{"embeddable":true,"href":"https:\/\/handtherapiemaeder.ch\/index.php?rest_route=\/wp\/v2\/users\/1"}],"replies":[{"embeddable":true,"href":"https:\/\/handtherapiemaeder.ch\/index.php?rest_route=%2Fwp%2Fv2%2Fcomments&post=24"}],"version-history":[{"count":2,"href":"https:\/\/handtherapiemaeder.ch\/index.php?rest_route=\/wp\/v2\/pages\/24\/revisions"}],"predecessor-version":[{"id":50,"href":"https:\/\/handtherapiemaeder.ch\/index.php?rest_route=\/wp\/v2\/pages\/24\/revisions\/50"}],"up":[{"embeddable":true,"href":"https:\/\/handtherapiemaeder.ch\/index.php?rest_route=\/wp\/v2\/pages\/7"}],"wp:attachment":[{"href":"https:\/\/handtherapiemaeder.ch\/index.php?rest_route=%2Fwp%2Fv2%2Fmedia&parent=24"}],"curies":[{"name":"wp","href":"https:\/\/api.w.org\/{rel}","templated":true}]}}