{"id":37,"date":"2022-12-14T17:32:28","date_gmt":"2022-12-14T17:32:28","guid":{"rendered":"https:\/\/handtherapiemaeder.ch\/?page_id=37"},"modified":"2024-11-06T20:57:06","modified_gmt":"2024-11-06T20:57:06","slug":"aus-und-weiterbildung","status":"publish","type":"page","link":"https:\/\/handtherapiemaeder.ch\/?page_id=37","title":{"rendered":"Aus- und Weiterbildung"},"content":{"rendered":"\n<p> Ergotherapie \/ Handtherapie<\/p>\n\n\n\n<ul class=\"wp-block-list\">\n<li><a href=\"https:\/\/www.ergo-rhypark.ch\/wp-content\/uploads\/2020\/05\/5.-Der-Schulterg%C3%BCrtel-2021.pdf\" target=\"_blank\" rel=\"noreferrer noopener\">Der Schulterg\u00fcrtel \u2013 stabil, mobil und komplex, Handtherapie aus holistischer Sicht<\/a><\/li>\n\n\n\n<li><a href=\"https:\/\/www.ergo-rhypark.ch\/wp-content\/uploads\/2021\/05\/1.-SD-Einfuehrungskurs-Hand-2022.pdf\" target=\"_blank\" rel=\"noreferrer noopener\">H\u00e4nde richtig im Einsatz, ein Gew\u00f6lbe funktionell verstehen, Einf\u00fchrungskurs in die Spiraldynamik\u00ae Handtherapie<\/a><\/li>\n\n\n\n<li><a href=\"https:\/\/www.ergo-rhypark.ch\/wp-content\/uploads\/2020\/07\/7.-Neue-Wege-des-CTS-2021.pdf\" target=\"_blank\" rel=\"noreferrer noopener\">Neue Wege zur Behandlung des Karpaltunnelsyndroms, Handtherapie aus holistischer Sicht<\/a><\/li>\n\n\n\n<li><a href=\"https:\/\/www.ergo-rhypark.ch\/wp-content\/uploads\/2020\/07\/2.-Ulnokarpale-Komplex-2021.pdf\" target=\"_blank\" rel=\"noreferrer noopener\">Der ulnokarpale Komplex,\u00a0Handtherapie aus holistischer Sicht<\/a><\/li>\n\n\n\n<li><a href=\"https:\/\/www.ergo-rhypark.ch\/wp-content\/uploads\/2021\/06\/3.-Der-verflixte-Daumen-2021.pdf\" target=\"_blank\" rel=\"noreferrer noopener\">Der verflixt-geniale Daumen, Handtherapie aus holistischer Sicht<\/a><\/li>\n\n\n\n<li><a href=\"https:\/\/www.ergo-rhypark.ch\/wp-content\/uploads\/2021\/05\/5.-Der-Ellenbogen-2022.pdf\" target=\"_blank\" rel=\"noreferrer noopener\">Der Ellenbogen \u2013 Ein Drehscharniergelenk im Zentrum, Holistische &#8211; Handtherapie<\/a><\/li>\n\n\n\n<li><a href=\"https:\/\/www.ergo-rhypark.ch\/wp-content\/uploads\/2021\/05\/4.-Ueberlastungssyndrom-2022.pdf\" target=\"_blank\" rel=\"noreferrer noopener\">\u00dcberlastungssyndrome &amp; Pr\u00e4vention, Holistische Handtherapie<\/a><\/li>\n<\/ul>\n\n\n\n<p>Ergotherapie Ergo Rhypark GmbH Rheinweg 4, 8200 Schaffhausen<br>2019 &#8211; 2022<\/p>\n\n\n\n<p>Handtherapie Basic Kurs, Sehnen Kurs, Nerven Kurs, PIP Workschop, Softsplint Workshop, Statik Schienenbau Kurs, Dynamik Schienebau kurs<br>Hand Therapie Fortbildung, Sarah Ewald und Vera Beckmann, Winterthur<br>2017<\/p>\n\n\n\n<p>BSc Ergo-Therapie (Bachelor of Science Occupational Therapy)<br>Bethlehem Universit\u00e4t, Pal\u00e4stina<br>Oktober 1996 \u2013 Mai 2000<\/p>\n","protected":false},"excerpt":{"rendered":"<p>Ergotherapie \/ Handtherapie Ergotherapie Ergo Rhypark GmbH Rheinweg 4, 8200 Schaffhausen2019 &#8211; 2022 Handtherapie Basic Kurs, Sehnen Kurs, Nerven Kurs, PIP Workschop, Softsplint Workshop, Statik Schienenbau Kurs, Dynamik Schienebau kursHand Therapie Fortbildung, Sarah Ewald und Vera Beckmann, Winterthur2017 BSc Ergo-Therapie (Bachelor of Science Occupational Therapy)Bethlehem Universit\u00e4t, Pal\u00e4stinaOktober 1996 \u2013 Mai 2000<\/p>\n","protected":false},"author":1,"featured_media":0,"parent":7,"menu_order":2,"comment_status":"closed","ping_status":"closed","template":"","meta":{"footnotes":""},"class_list":["post-37","page","type-page","status-publish","hentry"],"yoast_head":"<!-- This site is optimized with the Yoast SEO plugin v27.4 - https:\/\/yoast.com\/product\/yoast-seo-wordpress\/ -->\n<title>Aus- und Weiterbildung - Handtherapie M\u00e4der<\/title>\n<meta name=\"robots\" content=\"index, follow, max-snippet:-1, max-image-preview:large, max-video-preview:-1\" \/>\n<link rel=\"canonical\" href=\"https:\/\/handtherapiemaeder.ch\/?page_id=37\" \/>\n<meta property=\"og:locale\" content=\"de_DE\" \/>\n<meta property=\"og:type\" content=\"article\" \/>\n<meta property=\"og:title\" content=\"Aus- und Weiterbildung - Handtherapie M\u00e4der\" \/>\n<meta property=\"og:description\" content=\"Ergotherapie \/ Handtherapie Ergotherapie Ergo Rhypark GmbH Rheinweg 4, 8200 Schaffhausen2019 &#8211; 2022 Handtherapie Basic Kurs, Sehnen Kurs, Nerven Kurs, PIP Workschop, Softsplint Workshop, Statik Schienenbau Kurs, Dynamik Schienebau kursHand Therapie Fortbildung, Sarah Ewald und Vera Beckmann, Winterthur2017 BSc Ergo-Therapie (Bachelor of Science Occupational Therapy)Bethlehem Universit\u00e4t, Pal\u00e4stinaOktober 1996 \u2013 Mai 2000\" \/>\n<meta property=\"og:url\" content=\"https:\/\/handtherapiemaeder.ch\/?page_id=37\" \/>\n<meta property=\"og:site_name\" content=\"Handtherapie M\u00e4der\" \/>\n<meta property=\"article:modified_time\" content=\"2024-11-06T20:57:06+00:00\" \/>\n<meta name=\"twitter:card\" content=\"summary_large_image\" \/>\n<meta name=\"twitter:label1\" content=\"Gesch\u00e4tzte Lesezeit\" \/>\n\t<meta name=\"twitter:data1\" content=\"1\u00a0Minute\" \/>\n<script type=\"application\/ld+json\" class=\"yoast-schema-graph\">{\"@context\":\"https:\\\/\\\/schema.org\",\"@graph\":[{\"@type\":\"WebPage\",\"@id\":\"https:\\\/\\\/handtherapiemaeder.ch\\\/?page_id=37\",\"url\":\"https:\\\/\\\/handtherapiemaeder.ch\\\/?page_id=37\",\"name\":\"Aus- und Weiterbildung - Handtherapie M\u00e4der\",\"isPartOf\":{\"@id\":\"https:\\\/\\\/handtherapiemaeder.ch\\\/#website\"},\"datePublished\":\"2022-12-14T17:32:28+00:00\",\"dateModified\":\"2024-11-06T20:57:06+00:00\",\"breadcrumb\":{\"@id\":\"https:\\\/\\\/handtherapiemaeder.ch\\\/?page_id=37#breadcrumb\"},\"inLanguage\":\"de\",\"potentialAction\":[{\"@type\":\"ReadAction\",\"target\":[\"https:\\\/\\\/handtherapiemaeder.ch\\\/?page_id=37\"]}]},{\"@type\":\"BreadcrumbList\",\"@id\":\"https:\\\/\\\/handtherapiemaeder.ch\\\/?page_id=37#breadcrumb\",\"itemListElement\":[{\"@type\":\"ListItem\",\"position\":1,\"name\":\"Startseite\",\"item\":\"https:\\\/\\\/handtherapiemaeder.ch\\\/\"},{\"@type\":\"ListItem\",\"position\":2,\"name\":\"Handtherapie M\u00e4der\",\"item\":\"https:\\\/\\\/handtherapiemaeder.ch\\\/?page_id=7\"},{\"@type\":\"ListItem\",\"position\":3,\"name\":\"Aus- und Weiterbildung\"}]},{\"@type\":\"WebSite\",\"@id\":\"https:\\\/\\\/handtherapiemaeder.ch\\\/#website\",\"url\":\"https:\\\/\\\/handtherapiemaeder.ch\\\/\",\"name\":\"Handtherapie M\u00e4der\",\"description\":\"My WordPress Blog\",\"potentialAction\":[{\"@type\":\"SearchAction\",\"target\":{\"@type\":\"EntryPoint\",\"urlTemplate\":\"https:\\\/\\\/handtherapiemaeder.ch\\\/?s={search_term_string}\"},\"query-input\":{\"@type\":\"PropertyValueSpecification\",\"valueRequired\":true,\"valueName\":\"search_term_string\"}}],\"inLanguage\":\"de\"}]}<\/script>\n<!-- \/ Yoast SEO plugin. -->","yoast_head_json":{"title":"Aus- und Weiterbildung - Handtherapie M\u00e4der","robots":{"index":"index","follow":"follow","max-snippet":"max-snippet:-1","max-image-preview":"max-image-preview:large","max-video-preview":"max-video-preview:-1"},"canonical":"https:\/\/handtherapiemaeder.ch\/?page_id=37","og_locale":"de_DE","og_type":"article","og_title":"Aus- und Weiterbildung - Handtherapie M\u00e4der","og_description":"Ergotherapie \/ Handtherapie Ergotherapie Ergo Rhypark GmbH Rheinweg 4, 8200 Schaffhausen2019 &#8211; 2022 Handtherapie Basic Kurs, Sehnen Kurs, Nerven Kurs, PIP Workschop, Softsplint Workshop, Statik Schienenbau Kurs, Dynamik Schienebau kursHand Therapie Fortbildung, Sarah Ewald und Vera Beckmann, Winterthur2017 BSc Ergo-Therapie (Bachelor of Science Occupational Therapy)Bethlehem Universit\u00e4t, Pal\u00e4stinaOktober 1996 \u2013 Mai 2000","og_url":"https:\/\/handtherapiemaeder.ch\/?page_id=37","og_site_name":"Handtherapie M\u00e4der","article_modified_time":"2024-11-06T20:57:06+00:00","twitter_card":"summary_large_image","twitter_misc":{"Gesch\u00e4tzte Lesezeit":"1\u00a0Minute"},"schema":{"@context":"https:\/\/schema.org","@graph":[{"@type":"WebPage","@id":"https:\/\/handtherapiemaeder.ch\/?page_id=37","url":"https:\/\/handtherapiemaeder.ch\/?page_id=37","name":"Aus- und Weiterbildung - Handtherapie M\u00e4der","isPartOf":{"@id":"https:\/\/handtherapiemaeder.ch\/#website"},"datePublished":"2022-12-14T17:32:28+00:00","dateModified":"2024-11-06T20:57:06+00:00","breadcrumb":{"@id":"https:\/\/handtherapiemaeder.ch\/?page_id=37#breadcrumb"},"inLanguage":"de","potentialAction":[{"@type":"ReadAction","target":["https:\/\/handtherapiemaeder.ch\/?page_id=37"]}]},{"@type":"BreadcrumbList","@id":"https:\/\/handtherapiemaeder.ch\/?page_id=37#breadcrumb","itemListElement":[{"@type":"ListItem","position":1,"name":"Startseite","item":"https:\/\/handtherapiemaeder.ch\/"},{"@type":"ListItem","position":2,"name":"Handtherapie M\u00e4der","item":"https:\/\/handtherapiemaeder.ch\/?page_id=7"},{"@type":"ListItem","position":3,"name":"Aus- und Weiterbildung"}]},{"@type":"WebSite","@id":"https:\/\/handtherapiemaeder.ch\/#website","url":"https:\/\/handtherapiemaeder.ch\/","name":"Handtherapie M\u00e4der","description":"My WordPress Blog","potentialAction":[{"@type":"SearchAction","target":{"@type":"EntryPoint","urlTemplate":"https:\/\/handtherapiemaeder.ch\/?s={search_term_string}"},"query-input":{"@type":"PropertyValueSpecification","valueRequired":true,"valueName":"search_term_string"}}],"inLanguage":"de"}]}},"_links":{"self":[{"href":"https:\/\/handtherapiemaeder.ch\/index.php?rest_route=\/wp\/v2\/pages\/37","targetHints":{"allow":["GET"]}}],"collection":[{"href":"https:\/\/handtherapiemaeder.ch\/index.php?rest_route=\/wp\/v2\/pages"}],"about":[{"href":"https:\/\/handtherapiemaeder.ch\/index.php?rest_route=\/wp\/v2\/types\/page"}],"author":[{"embeddable":true,"href":"https:\/\/handtherapiemaeder.ch\/index.php?rest_route=\/wp\/v2\/users\/1"}],"replies":[{"embeddable":true,"href":"https:\/\/handtherapiemaeder.ch\/index.php?rest_route=%2Fwp%2Fv2%2Fcomments&post=37"}],"version-history":[{"count":5,"href":"https:\/\/handtherapiemaeder.ch\/index.php?rest_route=\/wp\/v2\/pages\/37\/revisions"}],"predecessor-version":[{"id":127,"href":"https:\/\/handtherapiemaeder.ch\/index.php?rest_route=\/wp\/v2\/pages\/37\/revisions\/127"}],"up":[{"embeddable":true,"href":"https:\/\/handtherapiemaeder.ch\/index.php?rest_route=\/wp\/v2\/pages\/7"}],"wp:attachment":[{"href":"https:\/\/handtherapiemaeder.ch\/index.php?rest_route=%2Fwp%2Fv2%2Fmedia&parent=37"}],"curies":[{"name":"wp","href":"https:\/\/api.w.org\/{rel}","templated":true}]}}